in base 14?
5a9
What is -12576 (base 9) in base 5?
-232433
1110000100 (base 2) to base 5
12100
Convert -201222 (base 4) to base 3.
-2221210
What is -23401 (base 5) in base 3?
-2100221
What is 20120 (base 5) in base 14?
67b
What is -10000122 (base 3) in base 2?
-100010011100
Convert -3675 (base 14) to base 8.
-22447
-205250 (base 8) to base 2
-10000101010101000
What is 2225 (base 9) in base 8?
3153
What is 202124 (base 5) in base 15?
1e0e
What is -123334 (base 8) in base 3?
-2011121002
Convert -1110 (base 8) to base 11.
-491
1060 (base 8) to base 15
275
ec (base 16) to base 10
236
Convert -11100010000 (base 2) to base 12.
-1068
Convert -1ab6 (base 16) to base 9.
-10337
What is -14351 (base 6) in base 5?
-33144
Convert -1 (base 2) to base 4.
-1
Convert -11726 (base 10) to base 3.
-121002022
What is -1010001000110111 (base 2) in base 10?
-41527
-113131 (base 4) to base 5
-22001
Convert 10111100111 (base 2) to base 7.
4256
What is 522 (base 15) in base 13?
6b0
-101110011000 (base 2) to base 6
-21424
11450 (base 8) to base 11
3759
What is 112012 (base 3) in base 4?
11333
What is -151724 (base 8) in base 15?
-11103
What is 220245 (base 6) in base 9?
27022
Convert 89b4 (base 16) to base 6.
431112
Convert 2700 (base 8) to base 2.
10111000000
What is -23554 (base 7) in base 12?
-3657
Convert -10010000101 (base 2) to base 13.
-6b0
-1200102 (base 4) to base 9
-8406
20003 (base 4) to base 15
245
What is -90 (base 10) in base 4?
-1122
-10253 (base 6) to base 5
-21101
What is -100022202 (base 3) in base 6?
-51245
1807 (base 9) to base 15
624
Convert 10001 (base 2) to base 5.
32
Convert -1228c (base 13) to base 2.
-1000001010000001
1340 (base 8) to base 16
2e0
51637 (base 9) to base 6
421354
Convert -3a7 (base 14) to base 11.
-609
-15a7 (base 14) to base 2
-111100011111
2562 (base 10) to base 7
10320
489 (base 15) to base 14
537
Convert 4544 (base 9) to base 10.
3361
857 (base 15) to base 10
1882
Convert 38a (base 16) to base 10.
906
1a8 (base 14) to base 16
158
What is 537 (base 8) in base 3?
111000
Convert 10011000 (base 2) to base 7.
305
What is -876 (base 16) in base 5?
-32131
222414 (base 5) to base 16
1eb3
-34111 (base 5) to base 10
-2406
-ecd (base 15) to base 7
-12514
2063 (base 14) to base 15
19ba
What is 38b (base 15) in base 5?
11211
What is -439 (base 16) in base 2?
-10000111001
Convert 11347 (base 9) to base 11.
5768
Convert -68 (base 13) to base 14.
-62
1648 (base 11) to base 2
100000111101
Convert 3ca (base 13) to base 7.
1651
-2110332 (base 4) to base 9
-14063
What is -204022 (base 5) in base 16?
-1a6a
327d (base 14) to base 2
10001000011111
57576 (base 9) to base 15
b58c
Convert -125 (base 7) to base 13.
-53
-2450 (base 9) to base 4
-130203
What is 26 (base 15) in base 13?
2a
What is -10333 (base 6) in base 13?
-858
Convert -4762 (base 8) to base 11.
-1a05
Convert 1672 (base 8) to base 5.
12304
Convert 14373 (base 9) to base 7.
40350
Convert -464 (base 16) to base 4.
-101210
What is 1231 (base 9) in base 12?
647
2100233 (base 4) to base 12
543b
Convert -12411 (base 6) to base 2.
-11101010111
What is 4516 (base 7) in base 11?
1252
Convert -121a7 (base 15) to base 5.
-3322012
What is 1334 (base 7) in base 12?
36b
Convert 22202 (base 3) to base 11.
1a5
-1101101111011 (base 2) to base 8
-15573
Convert -538 (base 16) to base 11.
-1005
35d1 (base 15) to base 13
5296
What is 3466 (base 7) in base 11?
a58
Convert -2313 (base 4) to base 16.
-b7
What is -37 (base 10) in base 3?
-1101
-3481 (base 14) to base 12
-5349
What is 23102033 (base 4) in base 10?
46223
What is -112200011 (base 3) in base 2?
-10100111001000
Convert -38 (base 16) to base 5.
-211
What is 20421 (base 6) in base 14?
1005
Convert 21310001 (base 4) to base 14.
1090d
Convert bcd (base 16) to base 10.
3021
Convert -403 (base 9) to base 16.
-147
Convert 101011011010 (base 2) to base 10.
2778
120112 (base 4) to base 9
2121
101110101 (base 2) to base 6
1421
What is -205215 (base 6) in base 5?
-1013330
What is e9e (base 15) in base 9?
4465
What is 1600 (base 11) in base 5?
31212
What is -4ddd (base 15) in base 12?
-9761
222211 (base 3) to base 15
334
Convert 12463 (base 9) to base 10.
8400
What is -3814 (base 16) in base 11?
-a871
Convert -13 (base 7) to base 16.
-a
3e25 (base 15) to base 6
141342
Convert 78 (base 12) to base 8.
134
Convert -1014 (base 7) to base 5.
-2404
Convert -84 (base 15) to base 4.
-1330
Convert 24241 (base 6) to base 11.
2740
What is 477 (base 10) in base 7?
1251
Convert -7a9 (base 13) to base 3.
-1210222
380 (base 15) to base 11
663
What is -70a7 (base 12) in base 4?
-2332333
1717 (base 14) to base 2
1000000101001
What is 15412 (base 9) in base 4?
2210231
What is -1da (base 14) in base 6?
-1444
Convert -16051 (base 8) to base 3.
-100220000
-8953 (base 15) to base 4
-13012233
What is -100100 (base 4) in base 7?
-3014
What is 2343 (base 9) in base 12?
1010
Convert 366 (base 15) to base 9.
1046
Convert 114644 (base 8) to base 14.
10496
Convert -1810 (base 16) to base 9.
-8404
801 (base 11) to base 13
597
4aad (base 16) to base 8
45255
Convert 3341 (base 10) to base 3.
11120202
Convert 21233 (base 4) to base 2.
1001101111
Convert 3231 (base 8) to base 15.
779
What is 200100 (base 4) in base 6?
13320
What is 546 (base 15) in base 4?
102213
cd2 (base 14) to base 9
3427
-10000011101001 (base 2) to base 16
-20e9
What is 2022230 (base 4) in base 3?
110011202
What is 11019 (base 12) in base 7?
122361
What is -10b5 (base 12) in base 14?
-973
What is -2433 (base 10) in base 13?
-1152
240 (base 11) to base 3
101121
1523 (base 8) to base 3
1011112
What is -a63 (base 15) in base 14?
-bd5
Convert -1714 (base 15) to base 2.
-1001101101001
1223012 (base 4) to base 5
204404
4020 (base 16) to base 13
761a
Convert 50 (base 15) to base 6.
203
121100 (base 3) to base 16
1b9
Convert 331b (base 12) to base 5.
140024
Convert -22233303 (base 4) to base 14.
-12083
6512 (base 12) to base 14
4090
What is 415026 (base 7) in base 6?
1310220
3bdc (base 15) to base 11
9693
4556 (base 9) to base 5
101442
40705 (base 9) to base 7
141116
What is -1a50 (base 12) in base 13?
-1614
-102111000 (base 3) to base 16
-20b2
Convert 15a5 (base 13) to base 16.
c69
What is -10209 (base 12) in base 3?
-1001212000
-11010111010111 (base 2) to base 5
-420113
32ea (base 16) to base 5
404114
Convert 1233 (base 8) to base 15.
2e7
34041 (base 5) to base 2
100101011100
What is 0 (base 12) in base 4?
0
What is -220a (base 13) in base 4?
-1022012
What is -805 (base 15) in base 4?
-130031
Convert -6120 (base 9) to base 6.
-32413
What is 101225 (base 6) in base 13?
38a8
Convert -10063 (base 13) to base 3.
-1110021211
What is 1f4 (base 16) in base 8?
764
836 (base 10) to base 16
344
-33 (base 14) to base 9
-50
Convert -304 (base 10) to base 13.
-1a5
2165 (base 10) to base 12
1305
11002311 (base 4) to base 13
9534
18d (base 16) to base 3
112201
Convert 305 (base 13) to base 9.
628
3000 (base 6) to base 11
53a
Convert -1da1 (base 14) to base 2.
-1010100111001
Convert -300121 (base 4) to base 12.
-1961
Convert -4330 (base 6) to base 3.
-1100200
Convert 3cc (base 14) to base 6.
3320
What is 3833 (base 9) in base 10?
2865
Convert 10010100000110100 (base 2) to base 3.
10212000110
111010011001101 (base 2) to base 12
15379
What is 3232301 (base 5) in base 3?
2210220010
Convert 392 (base 13) to base 4.
21302
-23032 (base 5) to base 8
-3152
What is -214411 (base 5) in base 4?
-1310321
What is 10110000010 (base 2) in base 16?
582
-1845 (base 12) to base 4
-231311
Convert -6627 (base 11) to base 12.
-5085
11cb9 (base 13) to base 15
9b5d
Convert 2024212 (base 5) to base 6.
413013
41870 (base 11) to base 12
2b324
What is 103101 (base 6) in base 16?
210d
Convert -2323 (base 6) to base 14.
-2b9
Convert 451 (base 7) to base 13.
14b
What is -7ba (base 14) in base 9?
-2086
What is -9d8 (base 14) in base 13?
-b74
What is 25303 (base 10) in base 3?
1021201011
What is 15130 (base 8) in base 6?
51120
Convert -5626 (base 8) to base 2.
-101110010110
Convert -1510 (base 7) to base 8.
-1123
135364 (base 8) to base 14
13628
Convert 45e (base 15) to base 16.
3dd
-2218 (base 9) to base 2
-11001100101
Convert -36713 (base 8) to base 10.
-15819
-7b7 (base 14) to base 3
-2002210
1111111110100 (base 2) to base 12
4898
Convert 30054 (base 6) to base 14.
160